at is the hundreds digit of (-1550408)/(-60) + 2 + (-3)/45*2?
8
Let u = 12774 + -9004. What is the units digit of u?
0
Let t(z) be the second derivative of -128*z**3/3 + 17*z**2 + 114*z + 1. What is the units digit of t(-5)?
4
Let u(x) = 179*x**2 + 661*x - 2660. What is the tens digit of u(4)?
4
Let q = -119 - -54. Let i = 71 + q. Suppose 155 + i = z - w, 0 = w. What is the hundreds digit of z?
1
Let z(h) = -h**2 - 138*h + 568. What is the hundreds digit of z(-44)?
7
Let q(s) = -s**2 - 29*s - 42. Let m be q(-19). Let w be -1 - 4/(-4) - -2. Suppose 0 = w*k - 70 - m. What is the hundreds digit of k?
1
What is the thousands digit of (18/(-6))/((6/(-12))/((-6418)/(-4)))?
9
Suppose 3*k + 76 = -20. Let s(w) = w**3 + 4*w**2 - 6*w + 2. Let y be s(3). Let l = k + y. What is the tens digit of l?
1
Let i(u) = -u**3 - 22*u**2 - 41*u - 1. Let c be i(-20). Let m(s) = s**2 - 12*s - 40. What is the units digit of m(c)?
3
Let p(c) = -230*c**3 + 2*c**2 - 3*c + 2. Let a be p(1). Let v = -209 - a. What is the units digit of v?
0
Suppose 30*c - 1900780 = -27*c + 22*c. What is the units digit of c?
8
Suppose 22*x - 4262 = 24*x. Let u = x - -3352. What is the thousands digit of u?
1
Let x be -7*((-2)/10 + 6/(-70)). Let n be ((-24)/48)/(x/(-244) - 0). Suppose 4*f = 165 - n. What is the tens digit of f?
2
Suppose -58*o + 9450 = -53*o. What is the tens digit of o?
9
Suppose 2*t - a = 1428, -t + 5*a + 714 = -0*a. Suppose 15*g - 8*g = -t. Let l = g - -240. What is the hundreds digit of l?
1
Suppose 0 = n - j - 53800, -5*n = -4*n - 4*j - 53806. What is the ten thousands digit of n?
5
Let c = 1010 - 662. Suppose 6*h - c = 2*h. What is the tens digit of h?
8
Let v(m) = m**3 + 11*m**2 + 16*m - 15. Let r be v(-9). Suppose 5*l + 8*n - 2105 = r*n, 2*n = 4*l - 1702. What is the tens digit of l?
2
Suppose 18*x - 1832 = 10*x. Let w = x + -157. What is the tens digit of w?
7
Let d be (-10 + -2)*2/(-4). Suppose -d*o + 23 = 2*y - o, 6 = 2*o. What is the units digit of (85/(-2))/((y/(-8))/1)?
5
Let x be 5/(1*3/672). Let c be (x/(-18) + 2/9)/1. Let k = c - -78. What is the tens digit of k?
1
Let z = 3084 + -892. What is the units digit of z?
2
Let q = -14760 - -25771. What is the thousands digit of q?
1
Let w = -112 + -15. Let b = 215 + w. Let v = 46 + b. What is the units digit of v?
4
Let z = 18 + -4. Suppose -z*a = -19*a + 10. Suppose -4*o = 5*u - 32, -a*u = 4*o + u - 32. What is the units digit of o?
8
Let q(o) = 133*o**3 - 3*o + 2. Let j(z) = -7*z - 5. Let c(v) = -v. Let i(m) = 6*c(m) - j(m). Let f be i(-4). What is the hundreds digit of q(f)?
1
Let o(b) = -b**3 + 2*b**2 + 9*b + 1. Let d be o(-2). Let x(p) = -p**2 + 5*p + 1. Let m be x(4). What is the units digit of m/((-20)/(-472)) + (-2)/d?
0
Suppose -5*n = -3*t - 36978, -19*t + 24*t + 14814 = 2*n. What is the tens digit of n?
9
Let x(u) be the second derivative of -16*u**5/5 + u**4/6 + u**3/3 + 3*u**2/2 + 5*u - 2. What is the hundreds digit of x(-2)?
5
Let c be (-10 - -11)*1/(0 + 1). Let n(k) = 1123*k**2 - 2*k + 4. What is the tens digit of n(c)?
2
Let t = 78 + -79. Let g be (-2 - -2)*(t/3)/1. Suppose -w - w + a + 41 = g, 5*w - 5*a = 110. What is the tens digit of w?
1
Suppose 123*c = 59*c + 2529920. What is the thousands digit of c?
9
What is the units digit of ((-65)/5 - -27821) + 15?
3
Let y(b) = -b**3 - 66*b**2 + 188*b - 807. What is the tens digit of y(-73)?
7
Suppose 3*v - 286 = 3503 + 1404. What is the tens digit of v?
3
Let q(t) be the second derivative of -3*t**5/20 + 11*t**4/12 - t**3/3 + 2*t**2 + 43*t. Let b be q(-9). What is the tens digit of 4/(-3) - b/(-12)?
5
Suppose -b - 139 = -402. Suppose -c = -5*i + 2*c + b, 151 = 3*i + 5*c. Let t = i - 38. What is the units digit of t?
4
Suppose -v - 1 = 1. Let q be 262 + (0 - (v + 5)). Suppose 2*p + 4*m = -m + q, 3*p - 2*m - 379 = 0. What is the units digit of p?
7
Let v(u) be the second derivative of 7*u**4/12 + u**3 + 11*u**2 - 111*u. What is the hundreds digit of v(8)?
5
Let r(d) = 728*d**2 + 5*d + 168. What is the tens digit of r(7)?
7
Let j(k) = 3*k - 35. Suppose -g + 43 = 3*s, 2*g = -3*s - 0*g + 47. Let u be j(s). What is the units digit of u/(-3) - (-1696)/48?
4
Let v(j) = -j**2 + 17*j + 1143. What is the units digit of v(-23)?
3
Suppose 0 = 4*n - 8, 3*n + 318678 = 4*h + 39804. What is the tens digit of (-4)/(-10)*h/24?
6
Suppose -8 = 4*s - z + 2*z, -11 = -5*s + 4*z. What is the hundreds digit of (398/4 - s)/(9/18)?
2
Suppose -5*h + 7 = -3. What is the units digit of (-9192)/(-22) + h + 60/(-33)?
8
Suppose 9926*q - 9934*q = -98472. What is the hundreds digit of q?
3
Suppose 0 = 5*j + 2*m - 124047, 4*j - 19321 - 79901 = m. What is the tens digit of j?
0
Let i(r) = -r + 2. Let o be i(0). Suppose o*p + 2236 = -2*p. What is the hundreds digit of (p/39)/(2/(-18))?
1
Suppose 0 = 693*i - 632*i - 60451. What is the tens digit of i?
9
Let g(u) = -9*u**3 + 3*u**2 + 13*u + 7. Let d be g(-4). Let k = -335 + d. Suppose 0 = 3*f - f - 5*v - k, 0 = 4*f + 2*v - 488. What is the hundreds digit of f?
1
Let v = 11163 + -6123. What is the tens digit of v?
4
Suppose 123*a - 1264328 + 28396 - 389144 = 0. What is the ten thousands digit of a?
1
Suppose -y + 68 = -3*y. Let t be (-40)/6*156/(-10). Let q = y + t. What is the units digit of q?
0
Suppose -160498 + 87602 = -82*k + 661496. What is the units digit of k?
6
Let s = 11952 - -5494. What is the tens digit of s?
4
Let o = 25 - 18. Suppose 2 = o*n - 1664. Suppose 5*u = -2*u + n. What is the tens digit of u?
3
Let v be (2 - -10)/(-1 + (-10)/(-2)). Let i = 2 - 2. What is the tens digit of ((-232)/6)/((-2)/v) + i?
5
Suppose -41*k + 72319 = -140143. What is the tens digit of k?
8
Let a be 0*((-4 - -3) + 3/2). What is the tens digit of -3 + a + 7 + (-753)/(-3)?
5
Suppose 61 = 2*j + 51. Suppose -9*a + 296 = -j*a. What is the tens digit of a/3*3/2?
3
Let s be (-3 - (-13 - -17 - 6))*(-2)/2. Let q = -3 + 2. What is the units digit of q/(s/(-120)) - (-9 + 9)?
0
Suppose o - 2*k + 64 = 0, -o - 2*k - 2*k = 34. Let q(v) = -11*v + 36. Let c be q(3). What is the units digit of (-30)/4*c/(o/120)?
0
Let c(x) = x**2 - 43*x - 254. What is the hundreds digit of c(-19)?
9
Let g(u) = -u**3 - 53*u**2 + 90*u - 183. What is the thousands digit of g(-59)?
5
Suppose -h = -4*i + 68092, 5*h + 34064 = 2358*i - 2356*i. What is the ten thousands digit of i?
1
Let b = -28 - -28. Suppose b = 5*z + 2*u - 199, 6*u - u + 15 = 0. Suppose 135 = 46*d - z*d. What is the tens digit of d?
2
Let o(n) = -2 + 6*n + 3*n + 29 + 67*n**2 - 5*n. What is the tens digit of o(-4)?
8
Let b(v) be the third derivative of v**5/12 + v**4/4 - 5*v**3/6 + 37*v**2 - 2. Let w = -6 - -9. What is the tens digit of b(w)?
5
Let u be 1 + (-69)/(-21) + (-34)/119. Suppose -28 = -11*v + u*v. Suppose 250 = v*z - 34. What is the units digit of z?
1
Suppose 9622 + 52034 = 5*t - t. What is the tens digit of t?
1
Suppose -7*m = -9*m + 10. Suppose -16*h - 2255 = -m*g - 11*h, -g + 2*h = -447. What is the units digit of g?
5
Let r(s) = -94*s - 152. Let p be r(-15). Let l = -635 + p. What is the hundreds digit of l?
6
Let j(c) = c**2 - 8*c - 32. Suppose 4*f + 5*x - 11 = 0, 5 = 2*x - 1. Let i be (-28)/(-16)*4*f. What is the units digit of j(i)?
3
Let x = -2090 - -18351. What is the thousands digit of x?
6
Let t(o) = -o**3 - 115*o**2 + 21*o - 1111. What is the tens digit of t(-119)?
3
Let b = 1900 + 4739. What is the hundreds digit of b?
6
Suppose -127343 = -9*z + 218221. What is the hundreds digit of z?
3
Let u(r) = 7335*r**2 - 923*r + 1848. What is the ten thousands digit of u(2)?
2
Suppose q - 144306 = -3*q - 14*q. What is the tens digit of q?
1
Let i be 6/(-9) - (-518)/(-6). Let y be ((-8)/(-2) - -1)*(-2112)/3520. What is the units digit of (-5 - i)*y/(-2)?
3
Let r be (-4 - -5) + (4 - 1). Suppose 0*n - 5*n + 4*j + 593 = 0, 0 = 3*n + r*j - 343. Let z = -67 + n. What is the tens digit of z?
5
Let r = -21 + 19. Let u be ((-7)/(-3) + 0 + r)*6. What is the hundreds digit of u + 432/4 + -2?
1
Let h be 5 - ((-20)/(-5) + 22). Let n(y) = -21*y - 74. What is the tens digit of n(h)?
6
Suppose 166*i = 160*i - 2856. Let a = i + 676. What is the hundreds digit of a?
2
Let k = -17191 + 26074. What is the units digit of k?
3
Suppose 0 = 3*f + 5*i - 360, -i + 120 = f + i. Let u = -95 + f. What is the units digit of u?
5
What is 